{"id":5574,"date":"2016-12-03T15:44:41","date_gmt":"2016-12-03T15:44:41","guid":{"rendered":"http:\/\/demo.wpzoom.com\/inspiro\/?page_id=5574"},"modified":"2024-01-16T13:31:49","modified_gmt":"2024-01-16T13:31:49","slug":"services","status":"publish","type":"page","link":"https:\/\/coachingbyjessica.de\/?page_id=5574","title":{"rendered":"Mein Angebot"},"content":{"rendered":"\t\t<div data-elementor-type=\"wp-page\" data-elementor-id=\"5574\" class=\"elementor elementor-5574\">\n\t\t\t\t\t\t\t\t\t<section class=\"elementor-section elementor-top-section elementor-element elementor-element-ae7ec6e elementor-section-boxed elementor-section-height-default elementor-section-height-default\" data-id=\"ae7ec6e\" data-element_type=\"section\">\n\t\t\t\t\t\t<div class=\"elementor-container elementor-column-gap-default\">\n\t\t\t\t\t<div class=\"elementor-column elementor-col-100 elementor-top-column elementor-element elementor-element-78ed6bd5\" data-id=\"78ed6bd5\" data-element_type=\"column\">\n\t\t\t<div class=\"elementor-widget-wrap elementor-element-populated\">\n\t\t\t\t\t\t\t\t<div class=\"elementor-element elementor-element-e9b5ddb elementor-widget elementor-widget-heading\" data-id=\"e9b5ddb\" data-element_type=\"widget\" data-widget_type=\"heading.default\">\n\t\t\t\t<div class=\"elementor-widget-container\">\n\t\t\t<style>\/*! elementor - v3.17.0 - 25-10-2023 *\/\n.elementor-heading-title{padding:0;margin:0;line-height:1}.elementor-widget-heading .elementor-heading-title[class*=elementor-size-]>a{color:inherit;font-size:inherit;line-height:inherit}.elementor-widget-heading .elementor-heading-title.elementor-size-small{font-size:15px}.elementor-widget-heading .elementor-heading-title.elementor-size-medium{font-size:19px}.elementor-widget-heading .elementor-heading-title.elementor-size-large{font-size:29px}.elementor-widget-heading .elementor-heading-title.elementor-size-xl{font-size:39px}.elementor-widget-heading .elementor-heading-title.elementor-size-xxl{font-size:59px}<\/style><h2 class=\"elementor-heading-title elementor-size-default\">Mein Angebot<\/h2>\t\t<\/div>\n\t\t\t\t<\/div>\n\t\t\t\t\t<\/div>\n\t\t<\/div>\n\t\t\t\t\t\t\t<\/div>\n\t\t<\/section>\n\t\t<div class=\"elementor-element elementor-element-ed4d431 e-flex e-con-boxed e-con e-parent\" data-id=\"ed4d431\" data-element_type=\"container\" data-settings=\"{&quot;content_width&quot;:&quot;boxed&quot;}\" data-core-v316-plus=\"true\">\n\t\t\t\t\t<div class=\"e-con-inner\">\n\t\t\t\t<div class=\"elementor-element elementor-element-1c4929c elementor-widget elementor-widget-text-editor\" data-id=\"1c4929c\" data-element_type=\"widget\" data-widget_type=\"text-editor.default\">\n\t\t\t\t<div class=\"elementor-widget-container\">\n\t\t\t<style>\/*! elementor - v3.17.0 - 25-10-2023 *\/\n.elementor-widget-text-editor.elementor-drop-cap-view-stacked .elementor-drop-cap{background-color:#69727d;color:#fff}.elementor-widget-text-editor.elementor-drop-cap-view-framed .elementor-drop-cap{color:#69727d;border:3px solid;background-color:transparent}.elementor-widget-text-editor:not(.elementor-drop-cap-view-default) .elementor-drop-cap{margin-top:8px}.elementor-widget-text-editor:not(.elementor-drop-cap-view-default) .elementor-drop-cap-letter{width:1em;height:1em}.elementor-widget-text-editor .elementor-drop-cap{float:left;text-align:center;line-height:1;font-size:50px}.elementor-widget-text-editor .elementor-drop-cap-letter{display:inline-block}<\/style>\t\t\t\t<p><strong>Coaching 1:1 f\u00fcr Privatpersonen<\/strong><\/p><p style=\"text-align: center;\"><span style=\"color: var( --e-global-color-text ); font-family: var( --e-global-typography-text-font-family ), Sans-serif; font-weight: var( --e-global-typography-text-font-weight ); text-align: var(--text-align);\">Ich bin f\u00fcr Dich da!<br \/><\/span>Begleite Dich!<br \/>Bei mir erwartet Dich ein gesch\u00fctzter Raum, in dem Du Dich entfalten kannst.<br \/>Den Ort entscheidest Du alleine,<br \/>egal ob in meinen R\u00e4umlichkeiten in Wuppertal, per Zoom Meeting<br \/>oder bei Dir Zuhause.<\/p><p style=\"text-align: center;\"><strong>Vorgespr\u00e4ch zum Kennenlernen<\/strong><\/p><p style=\"text-align: center;\">15 Minuten per Zoom \/ WhatsApp Telefonie<br \/>kostenlos<\/p><p style=\"text-align: center;\"><strong>Coaching Einzelsitzung<\/strong><br \/>45 Minuten in meiner R\u00e4umlichkeit \/ per Zoom<br \/>70 \u20ac<\/p><p style=\"text-align: center;\">Bei einem Coaching bei<br \/>Dir zu Hause fallen zus\u00e4tzlich Fahrtkosten i.H.v.<br \/>0,30 \u20ac pro Kilometer an. Sollten<br \/><strong>DU<\/strong> au\u00dferhalb des Gro \u00dfraumes Wuppertal wohnen (maximale<br \/>Entfernung 55 km) km), bitte ich D ich , ein unverbindliches Vorgespr\u00e4ch zu<br \/>Termin e vergebe ich in den Nachmittags bis Abendstunden und an Samstagen.<\/p>\t\t\t\t\t\t<\/div>\n\t\t\t\t<\/div>\n\t\t\t\t\t<\/div>\n\t\t\t\t<\/div>\n\t\t\t\t\t\t\t<\/div>\n\t\t","protected":false},"excerpt":{"rendered":"<p>Mein Angebot Coaching 1:1 f\u00fcr Privatpersonen Ich bin f\u00fcr Dich da! Begleite Dich! Bei mir erwartet Dich ein gesch\u00fctzter Raum, in dem Du Dich entfalten kannst. Den Ort entscheidest Du alleine, egal ob in meinen R\u00e4umlichkeiten in Wuppertal, per Zoom Meeting oder bei Dir Zuhause. Vorgespr\u00e4ch zum Kennenlernen 15 Minuten per Zoom \/ WhatsApp Telefonie &hellip; <\/p>\n<p class=\"link-more\"><a href=\"https:\/\/coachingbyjessica.de\/?page_id=5574\" class=\"more-link\">Mehr <span class=\"screen-reader-text\">\u00fcber &#8222;Mein Angebot&#8220; <\/span>Lesen<\/a><\/p>\n","protected":false},"author":1,"featured_media":6721,"parent":0,"menu_order":0,"comment_status":"closed","ping_status":"closed","template":"page-templates\/full-width-builder-bb.php","meta":{"footnotes":""},"yoast_head":"<!-- This site is optimized with the Yoast SEO plugin v21.8 - https:\/\/yoast.com\/wordpress\/plugins\/seo\/ -->\n<title>Mein Angebot - Homepage<\/title>\n<meta name=\"description\" content=\"Mein Angebot f\u00fcr M\u00fctter Coaching schauen Sie jetzt bei mir vor bei und schauen Sie selber wie ich helfen kann\" \/>\n<meta name=\"robots\" content=\"index, follow, max-snippet:-1, max-image-preview:large, max-video-preview:-1\" \/>\n<link rel=\"canonical\" href=\"https:\/\/coachingbyjessica.de\/?page_id=5574\" \/>\n<meta property=\"og:locale\" content=\"de_DE\" \/>\n<meta property=\"og:type\" content=\"article\" \/>\n<meta property=\"og:title\" content=\"Mein Angebot - Homepage\" \/>\n<meta property=\"og:description\" content=\"Mein Angebot f\u00fcr M\u00fctter Coaching schauen Sie jetzt bei mir vor bei und schauen Sie selber wie ich helfen kann\" \/>\n<meta property=\"og:url\" content=\"https:\/\/coachingbyjessica.de\/?page_id=5574\" \/>\n<meta property=\"og:site_name\" content=\"Homepage\" \/>\n<meta property=\"article:modified_time\" content=\"2024-01-16T13:31:49+00:00\" \/>\n<meta property=\"og:image\" content=\"https:\/\/coachingbyjessica.de\/wp-content\/uploads\/2023\/10\/cropped-mama-5098862_1920-2.jpg\" \/>\n\t<meta property=\"og:image:width\" content=\"2000\" \/>\n\t<meta property=\"og:image:height\" content=\"1334\" \/>\n\t<meta property=\"og:image:type\" content=\"image\/jpeg\" \/>\n<meta name=\"twitter:card\" content=\"summary_large_image\" \/>\n<meta name=\"twitter:label1\" content=\"Gesch\u00e4tzte Lesezeit\" \/>\n\t<meta name=\"twitter:data1\" content=\"1 Minute\" \/>\n<script type=\"application\/ld+json\" class=\"yoast-schema-graph\">{\"@context\":\"https:\/\/schema.org\",\"@graph\":[{\"@type\":\"WebPage\",\"@id\":\"https:\/\/coachingbyjessica.de\/?page_id=5574\",\"url\":\"https:\/\/coachingbyjessica.de\/?page_id=5574\",\"name\":\"Mein Angebot - Homepage\",\"isPartOf\":{\"@id\":\"https:\/\/coachingbyjessica.de\/#website\"},\"datePublished\":\"2016-12-03T15:44:41+00:00\",\"dateModified\":\"2024-01-16T13:31:49+00:00\",\"description\":\"Mein Angebot f\u00fcr M\u00fctter Coaching schauen Sie jetzt bei mir vor bei und schauen Sie selber wie ich helfen kann\",\"breadcrumb\":{\"@id\":\"https:\/\/coachingbyjessica.de\/?page_id=5574#breadcrumb\"},\"inLanguage\":\"de-DE\",\"potentialAction\":[{\"@type\":\"ReadAction\",\"target\":[\"https:\/\/coachingbyjessica.de\/?page_id=5574\"]}]},{\"@type\":\"BreadcrumbList\",\"@id\":\"https:\/\/coachingbyjessica.de\/?page_id=5574#breadcrumb\",\"itemListElement\":[{\"@type\":\"ListItem\",\"position\":1,\"name\":\"Startseite\",\"item\":\"https:\/\/coachingbyjessica.de\/\"},{\"@type\":\"ListItem\",\"position\":2,\"name\":\"Mein Angebot\"}]},{\"@type\":\"WebSite\",\"@id\":\"https:\/\/coachingbyjessica.de\/#website\",\"url\":\"https:\/\/coachingbyjessica.de\/\",\"name\":\"Homepage\",\"description\":\"Eine andere WordPress-Site.\",\"potentialAction\":[{\"@type\":\"SearchAction\",\"target\":{\"@type\":\"EntryPoint\",\"urlTemplate\":\"https:\/\/coachingbyjessica.de\/?s={search_term_string}\"},\"query-input\":\"required name=search_term_string\"}],\"inLanguage\":\"de-DE\"}]}<\/script>\n<!-- \/ Yoast SEO plugin. -->","yoast_head_json":{"title":"Mein Angebot - Homepage","description":"Mein Angebot f\u00fcr M\u00fctter Coaching schauen Sie jetzt bei mir vor bei und schauen Sie selber wie ich helfen kann","robots":{"index":"index","follow":"follow","max-snippet":"max-snippet:-1","max-image-preview":"max-image-preview:large","max-video-preview":"max-video-preview:-1"},"canonical":"https:\/\/coachingbyjessica.de\/?page_id=5574","og_locale":"de_DE","og_type":"article","og_title":"Mein Angebot - Homepage","og_description":"Mein Angebot f\u00fcr M\u00fctter Coaching schauen Sie jetzt bei mir vor bei und schauen Sie selber wie ich helfen kann","og_url":"https:\/\/coachingbyjessica.de\/?page_id=5574","og_site_name":"Homepage","article_modified_time":"2024-01-16T13:31:49+00:00","og_image":[{"width":2000,"height":1334,"url":"https:\/\/coachingbyjessica.de\/wp-content\/uploads\/2023\/10\/cropped-mama-5098862_1920-2.jpg","type":"image\/jpeg"}],"twitter_card":"summary_large_image","twitter_misc":{"Gesch\u00e4tzte Lesezeit":"1 Minute"},"schema":{"@context":"https:\/\/schema.org","@graph":[{"@type":"WebPage","@id":"https:\/\/coachingbyjessica.de\/?page_id=5574","url":"https:\/\/coachingbyjessica.de\/?page_id=5574","name":"Mein Angebot - Homepage","isPartOf":{"@id":"https:\/\/coachingbyjessica.de\/#website"},"datePublished":"2016-12-03T15:44:41+00:00","dateModified":"2024-01-16T13:31:49+00:00","description":"Mein Angebot f\u00fcr M\u00fctter Coaching schauen Sie jetzt bei mir vor bei und schauen Sie selber wie ich helfen kann","breadcrumb":{"@id":"https:\/\/coachingbyjessica.de\/?page_id=5574#breadcrumb"},"inLanguage":"de-DE","potentialAction":[{"@type":"ReadAction","target":["https:\/\/coachingbyjessica.de\/?page_id=5574"]}]},{"@type":"BreadcrumbList","@id":"https:\/\/coachingbyjessica.de\/?page_id=5574#breadcrumb","itemListElement":[{"@type":"ListItem","position":1,"name":"Startseite","item":"https:\/\/coachingbyjessica.de\/"},{"@type":"ListItem","position":2,"name":"Mein Angebot"}]},{"@type":"WebSite","@id":"https:\/\/coachingbyjessica.de\/#website","url":"https:\/\/coachingbyjessica.de\/","name":"Homepage","description":"Eine andere WordPress-Site.","potentialAction":[{"@type":"SearchAction","target":{"@type":"EntryPoint","urlTemplate":"https:\/\/coachingbyjessica.de\/?s={search_term_string}"},"query-input":"required name=search_term_string"}],"inLanguage":"de-DE"}]}},"featured_media_urls":{"thumbnail":["https:\/\/coachingbyjessica.de\/wp-content\/uploads\/2023\/10\/cropped-mama-5098862_1920-2-150x150.jpg",150,150,true],"medium":["https:\/\/coachingbyjessica.de\/wp-content\/uploads\/2023\/10\/cropped-mama-5098862_1920-2-300x200.jpg",300,200,true],"medium_large":["https:\/\/coachingbyjessica.de\/wp-content\/uploads\/2023\/10\/cropped-mama-5098862_1920-2-768x512.jpg",768,512,true],"large":["https:\/\/coachingbyjessica.de\/wp-content\/uploads\/2023\/10\/cropped-mama-5098862_1920-2-1024x683.jpg",950,634,true],"1536x1536":["https:\/\/coachingbyjessica.de\/wp-content\/uploads\/2023\/10\/cropped-mama-5098862_1920-2-1536x1025.jpg",1536,1025,true],"2048x2048":["https:\/\/coachingbyjessica.de\/wp-content\/uploads\/2023\/10\/cropped-mama-5098862_1920-2.jpg",2000,1334,false],"inspiro-featured-image":["https:\/\/coachingbyjessica.de\/wp-content\/uploads\/2023\/10\/cropped-mama-5098862_1920-2.jpg",2000,1334,false],"inspiro-loop":["https:\/\/coachingbyjessica.de\/wp-content\/uploads\/2023\/10\/cropped-mama-5098862_1920-2-950x320.jpg",950,320,true],"inspiro-loop@2x":["https:\/\/coachingbyjessica.de\/wp-content\/uploads\/2023\/10\/cropped-mama-5098862_1920-2-1900x640.jpg",1900,640,true],"portfolio_item-thumbnail":["https:\/\/coachingbyjessica.de\/wp-content\/uploads\/2023\/10\/cropped-mama-5098862_1920-2-600x400.jpg",600,400,true],"portfolio_item-thumbnail@2x":["https:\/\/coachingbyjessica.de\/wp-content\/uploads\/2023\/10\/cropped-mama-5098862_1920-2-1200x800.jpg",1200,800,true],"portfolio_item-masonry":["https:\/\/coachingbyjessica.de\/wp-content\/uploads\/2023\/10\/cropped-mama-5098862_1920-2-600x400.jpg",600,400,true],"portfolio_item-masonry@2x":["https:\/\/coachingbyjessica.de\/wp-content\/uploads\/2023\/10\/cropped-mama-5098862_1920-2-1200x800.jpg",1200,800,true],"portfolio_item-thumbnail_cinema":["https:\/\/coachingbyjessica.de\/wp-content\/uploads\/2023\/10\/cropped-mama-5098862_1920-2-800x335.jpg",800,335,true],"portfolio_item-thumbnail_portrait":["https:\/\/coachingbyjessica.de\/wp-content\/uploads\/2023\/10\/cropped-mama-5098862_1920-2-600x900.jpg",600,900,true],"portfolio_item-thumbnail_portrait@2x":["https:\/\/coachingbyjessica.de\/wp-content\/uploads\/2023\/10\/cropped-mama-5098862_1920-2-1200x1334.jpg",1200,1334,true],"portfolio_item-thumbnail_square":["https:\/\/coachingbyjessica.de\/wp-content\/uploads\/2023\/10\/cropped-mama-5098862_1920-2-800x800.jpg",800,800,true]},"_links":{"self":[{"href":"https:\/\/coachingbyjessica.de\/index.php?rest_route=\/wp\/v2\/pages\/5574"}],"collection":[{"href":"https:\/\/coachingbyjessica.de\/index.php?rest_route=\/wp\/v2\/pages"}],"about":[{"href":"https:\/\/coachingbyjessica.de\/index.php?rest_route=\/wp\/v2\/types\/page"}],"author":[{"embeddable":true,"href":"https:\/\/coachingbyjessica.de\/index.php?rest_route=\/wp\/v2\/users\/1"}],"replies":[{"embeddable":true,"href":"https:\/\/coachingbyjessica.de\/index.php?rest_route=%2Fwp%2Fv2%2Fcomments&post=5574"}],"version-history":[{"count":36,"href":"https:\/\/coachingbyjessica.de\/index.php?rest_route=\/wp\/v2\/pages\/5574\/revisions"}],"predecessor-version":[{"id":6977,"href":"https:\/\/coachingbyjessica.de\/index.php?rest_route=\/wp\/v2\/pages\/5574\/revisions\/6977"}],"wp:featuredmedia":[{"embeddable":true,"href":"https:\/\/coachingbyjessica.de\/index.php?rest_route=\/wp\/v2\/media\/6721"}],"wp:attachment":[{"href":"https:\/\/coachingbyjessica.de\/index.php?rest_route=%2Fwp%2Fv2%2Fmedia&parent=5574"}],"curies":[{"name":"wp","href":"https:\/\/api.w.org\/{rel}","templated":true}]}}