{"id":5550,"date":"2016-12-03T15:08:37","date_gmt":"2016-12-03T15:08:37","guid":{"rendered":"http:\/\/demo.wpzoom.com\/inspiro\/?page_id=5550"},"modified":"2024-02-11T11:24:57","modified_gmt":"2024-02-11T11:24:57","slug":"life-coaching-fuer-muetter","status":"publish","type":"page","link":"https:\/\/coachingbyjessica.de\/","title":{"rendered":"Homepage"},"content":{"rendered":"\t\t<div data-elementor-type=\"wp-page\" data-elementor-id=\"5550\" class=\"elementor elementor-5550\">\n\t\t\t\t\t\t\t\t\t<section class=\"elementor-section elementor-top-section elementor-element elementor-element-f2ff528 elementor-section-boxed elementor-section-height-default elementor-section-height-default\" data-id=\"f2ff528\" data-element_type=\"section\">\n\t\t\t\t\t\t<div class=\"elementor-container elementor-column-gap-no\">\n\t\t\t\t\t<div class=\"elementor-column elementor-col-100 elementor-top-column elementor-element elementor-element-3ed392a8\" data-id=\"3ed392a8\" data-element_type=\"column\">\n\t\t\t<div class=\"elementor-widget-wrap elementor-element-populated\">\n\t\t\t\t\t\t\t\t<div class=\"elementor-element elementor-element-50190c1e elementor-widget elementor-widget-heading\" data-id=\"50190c1e\" data-element_type=\"widget\" data-widget_type=\"heading.default\">\n\t\t\t\t<div class=\"elementor-widget-container\">\n\t\t\t<style>\/*! elementor - v3.17.0 - 25-10-2023 *\/\n.elementor-heading-title{padding:0;margin:0;line-height:1}.elementor-widget-heading .elementor-heading-title[class*=elementor-size-]>a{color:inherit;font-size:inherit;line-height:inherit}.elementor-widget-heading .elementor-heading-title.elementor-size-small{font-size:15px}.elementor-widget-heading .elementor-heading-title.elementor-size-medium{font-size:19px}.elementor-widget-heading .elementor-heading-title.elementor-size-large{font-size:29px}.elementor-widget-heading .elementor-heading-title.elementor-size-xl{font-size:39px}.elementor-widget-heading .elementor-heading-title.elementor-size-xxl{font-size:59px}<\/style><h2 class=\"elementor-heading-title elementor-size-default\">LIFE COACHING F\u00dcR M\u00dcTTER\nDEINE REISE IN EIN SELBSTBESTIMMTES LEBEN BEGINNT JETZT<\/h2>\t\t<\/div>\n\t\t\t\t<\/div>\n\t\t\t\t<section class=\"elementor-section elementor-inner-section elementor-element elementor-element-5c9c93d5 elementor-section-full_width elementor-section-height-default elementor-section-height-default\" data-id=\"5c9c93d5\" data-element_type=\"section\">\n\t\t\t\t\t\t<div class=\"elementor-container elementor-column-gap-no\">\n\t\t\t\t\t<div class=\"elementor-column elementor-col-100 elementor-inner-column elementor-element elementor-element-1b5c2c44\" data-id=\"1b5c2c44\" data-element_type=\"column\">\n\t\t\t<div class=\"elementor-widget-wrap elementor-element-populated\">\n\t\t\t\t\t\t\t\t<div class=\"elementor-element elementor-element-45d5aa02 elementor-widget elementor-widget-text-editor\" data-id=\"45d5aa02\" data-element_type=\"widget\" data-widget_type=\"text-editor.default\">\n\t\t\t\t<div class=\"elementor-widget-container\">\n\t\t\t<style>\/*! elementor - v3.17.0 - 25-10-2023 *\/\n.elementor-widget-text-editor.elementor-drop-cap-view-stacked .elementor-drop-cap{background-color:#69727d;color:#fff}.elementor-widget-text-editor.elementor-drop-cap-view-framed .elementor-drop-cap{color:#69727d;border:3px solid;background-color:transparent}.elementor-widget-text-editor:not(.elementor-drop-cap-view-default) .elementor-drop-cap{margin-top:8px}.elementor-widget-text-editor:not(.elementor-drop-cap-view-default) .elementor-drop-cap-letter{width:1em;height:1em}.elementor-widget-text-editor .elementor-drop-cap{float:left;text-align:center;line-height:1;font-size:50px}.elementor-widget-text-editor .elementor-drop-cap-letter{display:inline-block}<\/style>\t\t\t\t<p>Ich m\u00f6chte Dich auf eine Reise mitnehmen.<br \/>Eine Reise zu einem positiven Ort, der Dir unbekannt bekannt ist.<br \/>Du siehst Dich an diesen Ort um, siehst<br \/>die Landschaft von nah und fern.<br \/>Du nimmst die Temperatur wahr, die dort herrscht.<br \/>Du sp\u00fcrst sie auf Deiner Haut.<br \/>H\u00f6rst Du die Ger\u00e4usche? Die Lauten und die Leisen, die nah sind und weit entfernt.<br \/>W\u00e4hrend Du durch die Landschaft gehst und alles um Dich herum wahrnimmst kommt eine<br \/>freundliche Person auf Dich zu. Sie wird immer klarer und deutlicher.<br \/>Du erwiderst ihr L\u00e4cheln. Sie \u00fcberreicht Dir ein Paket und geht weiter ihres Weges.<br \/>Du f\u00fchlst das Gewicht in Deinen H\u00e4nden. Die strahlende Farbe macht Dich neugierig.<br \/>Langsam \u00f6ffnest Du es an der Seite und heraus schwebt \u2026\u2026<\/p><p><span style=\"color: #20b2aa;\"><strong>Bei mir war es Selbstf\u00fcrsorge.<\/strong><\/span><\/p><p>Als berufst\u00e4tige Mutter von zwei Kindern wei\u00df ich, wie schwer es ist, allen Aufgaben und Personen<br \/>gerecht zu werden.<br \/>Wie oft man bis oder \u00fcber seine psychischen und physischen und Grenzen geht. Wie man sich st\u00e4ndig<br \/>vergleicht mit dem selbstgeschaffenen oder auch fremden Bild einer Mutter oder auch der<br \/>allgemeinen Frauenrolle in der heutigen Gesellschaft. Wie oft die \u00dcber forderung einen ausgebremst<br \/>oder blockiert.\u00a0<\/p><p>Was schwebt f\u00fcr dich aus dem Paket? Welche Gef\u00fchle zeigen sich. Auf welchen Bereich deines<br \/>Lebens solltest Du genauer schauen?<br \/>Manchmal brauch es nur einen kleinen Impuls, einen Schubser in die richtige Richtung, um die Dinge<br \/>mit einem anderen Blick oder wieder klarer zu sehen.<br \/>Den Fokus zu verschieben und eine neue Richtung einzuschlagen.<br \/>Einen entspannteren Alltag zu erleben.<br \/>Seine Energie besser einzuteilen. Mehr auf sich zu achten und dass oft mit nur kleinen Mitteln.<br \/>Es sind die kleinen, unscheinbaren Dinge oder Ver\u00e4nderungen, die mehr Lebensqualit\u00e4t bringen.<br \/>Ich bin Dein Begleiter, gemeinsam erarbeiten wir Dein Ziel. Wir nehmen uns bewusst Zeit und setzen<br \/>uns achtsam mit Dir, Deinen Gef\u00fchlen und Deinem Verhalten auseinander.<br \/>V\u00f6llig frei von Zw\u00e4ngen unterst\u00fctze ich Dich dabei in einem gesch\u00fctzten Rahmen.<\/p>\t\t\t\t\t\t<\/div>\n\t\t\t\t<\/div>\n\t\t\t\t<div class=\"elementor-element elementor-element-96d8427 elementor-widget elementor-widget-wpzoom-elementor-addons-image-box\" data-id=\"96d8427\" data-element_type=\"widget\" data-widget_type=\"wpzoom-elementor-addons-image-box.default\">\n\t\t\t\t<div class=\"elementor-widget-container\">\n\t\t\t\t\t<div class=\"wpzoom-elementor-addons-image-box\">\n\t\t\t<h3>\n\t\t\t\t<span class=\"wpzoom-elementor-addons-image-box-link not-linked has-image\" style=\"background-image:url('https:\/\/coachingbyjessica.de\/wp-content\/uploads\/2023\/10\/processed-E66A9771-514A-48BA-BB2B-EF2B11EE1D42-B9AECB90-048B-4C92-983C-5D68E8D2F6A7-1.jpeg');\"><span><strong><\/strong><\/span><\/span>\t\t\t<\/h3>\n\t\t<\/div><!-- \/\/.wpzoom-elementor-addons-image-box -->\n\t\t\t\t<\/div>\n\t\t\t\t<\/div>\n\t\t\t\t\t<\/div>\n\t\t<\/div>\n\t\t\t\t\t\t\t<\/div>\n\t\t<\/section>\n\t\t\t\t\t<\/div>\n\t\t<\/div>\n\t\t\t\t\t\t\t<\/div>\n\t\t<\/section>\n\t\t\t\t<section class=\"elementor-section elementor-top-section elementor-element elementor-element-f4d691f elementor-section-boxed elementor-section-height-default elementor-section-height-default\" data-id=\"f4d691f\" data-element_type=\"section\" data-settings=\"{&quot;background_background&quot;:&quot;classic&quot;}\">\n\t\t\t\t\t\t<div class=\"elementor-container elementor-column-gap-default\">\n\t\t\t\t\t<div class=\"elementor-column elementor-col-100 elementor-top-column elementor-element elementor-element-43a24046\" data-id=\"43a24046\" data-element_type=\"column\">\n\t\t\t<div class=\"elementor-widget-wrap\">\n\t\t\t\t\t\t\t\t\t<\/div>\n\t\t<\/div>\n\t\t\t\t\t\t\t<\/div>\n\t\t<\/section>\n\t\t\t\t<section class=\"elementor-section elementor-top-section elementor-element elementor-element-3f6dfe44 elementor-section-boxed elementor-section-height-default elementor-section-height-default\" data-id=\"3f6dfe44\" data-element_type=\"section\" data-settings=\"{&quot;background_background&quot;:&quot;classic&quot;}\">\n\t\t\t\t\t\t<div class=\"elementor-container elementor-column-gap-default\">\n\t\t\t\t\t<div class=\"elementor-column elementor-col-33 elementor-top-column elementor-element elementor-element-488699e\" data-id=\"488699e\" data-element_type=\"column\" data-settings=\"{&quot;background_background&quot;:&quot;classic&quot;}\">\n\t\t\t<div class=\"elementor-widget-wrap elementor-element-populated\">\n\t\t\t\t\t<div class=\"elementor-background-overlay\"><\/div>\n\t\t\t\t\t\t\t\t<div class=\"elementor-element elementor-element-2942e8c elementor-widget elementor-widget-heading\" data-id=\"2942e8c\" data-element_type=\"widget\" data-widget_type=\"heading.default\">\n\t\t\t\t<div class=\"elementor-widget-container\">\n\t\t\t<h2 class=\"elementor-heading-title elementor-size-default\">Mutter Coaching<\/h2>\t\t<\/div>\n\t\t\t\t<\/div>\n\t\t\t\t<div class=\"elementor-element elementor-element-310e9cc0 elementor-widget elementor-widget-text-editor\" data-id=\"310e9cc0\" data-element_type=\"widget\" data-widget_type=\"text-editor.default\">\n\t\t\t\t<div class=\"elementor-widget-container\">\n\t\t\t\t\t\t\t<p>Es liegt mir am Herzen,<\/p><p>jedes Coaching f\u00fcr SIE ganz individuell zu gestalten und dies mit umsetzbaren und verst\u00e4ndlichen Inhalten.<\/p><p>Ich bin f\u00fcr SIE da.<\/p>\t\t\t\t\t\t<\/div>\n\t\t\t\t<\/div>\n\t\t\t\t<div class=\"elementor-element elementor-element-6386cdf7 elementor-align-center elementor-widget elementor-widget-button\" data-id=\"6386cdf7\" data-element_type=\"widget\" data-widget_type=\"button.default\">\n\t\t\t\t<div class=\"elementor-widget-container\">\n\t\t\t\t\t<div class=\"elementor-button-wrapper\">\n\t\t\t<a class=\"elementor-button elementor-button-link elementor-size-md\" href=\"https:\/\/coachingbyjessica.de\/?page_id=19\">\n\t\t\t\t\t\t<span class=\"elementor-button-content-wrapper\">\n\t\t\t\t\t\t<span class=\"elementor-button-text\">Hier mehr <\/span>\n\t\t<\/span>\n\t\t\t\t\t<\/a>\n\t\t<\/div>\n\t\t\t\t<\/div>\n\t\t\t\t<\/div>\n\t\t\t\t\t<\/div>\n\t\t<\/div>\n\t\t\t\t<div class=\"elementor-column elementor-col-33 elementor-top-column elementor-element elementor-element-4af2d9fb\" data-id=\"4af2d9fb\" data-element_type=\"column\" data-settings=\"{&quot;background_background&quot;:&quot;classic&quot;}\">\n\t\t\t<div class=\"elementor-widget-wrap elementor-element-populated\">\n\t\t\t\t\t<div class=\"elementor-background-overlay\"><\/div>\n\t\t\t\t\t\t\t\t<div class=\"elementor-element elementor-element-d5178a6 elementor-widget elementor-widget-heading\" data-id=\"d5178a6\" data-element_type=\"widget\" data-widget_type=\"heading.default\">\n\t\t\t\t<div class=\"elementor-widget-container\">\n\t\t\t<h2 class=\"elementor-heading-title elementor-size-default\">Mein Angebot<\/h2>\t\t<\/div>\n\t\t\t\t<\/div>\n\t\t\t\t<div class=\"elementor-element elementor-element-ca22a60 elementor-widget elementor-widget-text-editor\" data-id=\"ca22a60\" data-element_type=\"widget\" data-widget_type=\"text-editor.default\">\n\t\t\t\t<div class=\"elementor-widget-container\">\n\t\t\t\t\t\t\t<p>Vorgespr\u00e4ch zum Kennenlernen<\/p><p><br \/>15 Minuten per Zoom \/ WhatsApp Telefonie<br \/>kostenlos<\/p><p>\u00a0<\/p>\t\t\t\t\t\t<\/div>\n\t\t\t\t<\/div>\n\t\t\t\t<div class=\"elementor-element elementor-element-3aba80bf elementor-align-center elementor-widget elementor-widget-button\" data-id=\"3aba80bf\" data-element_type=\"widget\" data-widget_type=\"button.default\">\n\t\t\t\t<div class=\"elementor-widget-container\">\n\t\t\t\t\t<div class=\"elementor-button-wrapper\">\n\t\t\t<a class=\"elementor-button elementor-button-link elementor-size-md\" href=\"https:\/\/coachingbyjessica.de\/?page_id=5574\">\n\t\t\t\t\t\t<span class=\"elementor-button-content-wrapper\">\n\t\t\t\t\t\t<span class=\"elementor-button-text\">Hier mehr<\/span>\n\t\t<\/span>\n\t\t\t\t\t<\/a>\n\t\t<\/div>\n\t\t\t\t<\/div>\n\t\t\t\t<\/div>\n\t\t\t\t\t<\/div>\n\t\t<\/div>\n\t\t\t\t<div class=\"elementor-column elementor-col-33 elementor-top-column elementor-element elementor-element-6f47d4ab\" data-id=\"6f47d4ab\" data-element_type=\"column\" data-settings=\"{&quot;background_background&quot;:&quot;classic&quot;}\">\n\t\t\t<div class=\"elementor-widget-wrap elementor-element-populated\">\n\t\t\t\t\t<div class=\"elementor-background-overlay\"><\/div>\n\t\t\t\t\t\t\t\t<div class=\"elementor-element elementor-element-51580147 elementor-widget elementor-widget-heading\" data-id=\"51580147\" data-element_type=\"widget\" data-widget_type=\"heading.default\">\n\t\t\t\t<div class=\"elementor-widget-container\">\n\t\t\t<h2 class=\"elementor-heading-title elementor-size-default\">Mein Ehrenamt <\/h2>\t\t<\/div>\n\t\t\t\t<\/div>\n\t\t\t\t<div class=\"elementor-element elementor-element-65ff4be0 elementor-widget elementor-widget-text-editor\" data-id=\"65ff4be0\" data-element_type=\"widget\" data-widget_type=\"text-editor.default\">\n\t\t\t\t<div class=\"elementor-widget-container\">\n\t\t\t\t\t\t\t<p>\u00a0<\/p><p><span style=\"font-family: var( --e-global-typography-text-font-family ), Sans-serif;\">Mein Ehrenamt; die Selbsthilfegruppe f\u00fcr<\/span><\/p><p>Regretting Motherhood &#8211; wenn M\u00fctter bereuen<\/p><p>\u00a0<\/p>\t\t\t\t\t\t<\/div>\n\t\t\t\t<\/div>\n\t\t\t\t<div class=\"elementor-element elementor-element-187514c8 elementor-align-center elementor-widget elementor-widget-button\" data-id=\"187514c8\" data-element_type=\"widget\" data-widget_type=\"button.default\">\n\t\t\t\t<div class=\"elementor-widget-container\">\n\t\t\t\t\t<div class=\"elementor-button-wrapper\">\n\t\t\t<a class=\"elementor-button elementor-button-link elementor-size-md\" href=\"https:\/\/coachingbyjessica.de\/?page_id=5206\">\n\t\t\t\t\t\t<span class=\"elementor-button-content-wrapper\">\n\t\t\t\t\t\t<span class=\"elementor-button-text\">Hier Mehr <\/span>\n\t\t<\/span>\n\t\t\t\t\t<\/a>\n\t\t<\/div>\n\t\t\t\t<\/div>\n\t\t\t\t<\/div>\n\t\t\t\t\t<\/div>\n\t\t<\/div>\n\t\t\t\t\t\t\t<\/div>\n\t\t<\/section>\n\t\t\t\t\t\t\t<\/div>\n\t\t","protected":false},"excerpt":{"rendered":"<p>LIFE COACHING F\u00dcR M\u00dcTTER DEINE REISE IN EIN SELBSTBESTIMMTES LEBEN BEGINNT JETZT Ich m\u00f6chte Dich auf eine Reise mitnehmen.Eine Reise zu einem positiven Ort, der Dir unbekannt bekannt ist.Du siehst Dich an diesen Ort um, siehstdie Landschaft von nah und fern.Du nimmst die Temperatur wahr, die dort herrscht.Du sp\u00fcrst sie auf Deiner Haut.H\u00f6rst Du die &hellip; <\/p>\n<p class=\"link-more\"><a href=\"https:\/\/coachingbyjessica.de\/\" class=\"more-link\">Mehr <span class=\"screen-reader-text\">\u00fcber &#8222;Homepage&#8220; <\/span>Lesen<\/a><\/p>\n","protected":false},"author":1,"featured_media":0,"parent":0,"menu_order":0,"comment_status":"closed","ping_status":"closed","template":"page-templates\/homepage-builder-bb.php","meta":{"footnotes":""},"yoast_head":"<!-- This site is optimized with the Yoast SEO plugin v21.8 - https:\/\/yoast.com\/wordpress\/plugins\/seo\/ -->\n<title>Life Coaching f\u00fcr M\u00fctter<\/title>\n<meta name=\"description\" content=\"Life-Coaching-f\u00fcr-M\u00fctter. Als berufst\u00e4tige Mutter von zwei Kindern und zertifizierter Coach vom DVNLP Verband besch\u00e4ftige ich mich schon ...\" \/>\n<meta name=\"robots\" content=\"index, follow, max-snippet:-1, max-image-preview:large, max-video-preview:-1\" \/>\n<link rel=\"canonical\" href=\"https:\/\/coachingbyjessica.de\/\" \/>\n<meta property=\"og:locale\" content=\"de_DE\" \/>\n<meta property=\"og:type\" content=\"article\" \/>\n<meta property=\"og:title\" content=\"Life Coaching f\u00fcr M\u00fctter\" \/>\n<meta property=\"og:description\" content=\"Life-Coaching-f\u00fcr-M\u00fctter. Als berufst\u00e4tige Mutter von zwei Kindern und zertifizierter Coach vom DVNLP Verband besch\u00e4ftige ich mich schon ...\" \/>\n<meta property=\"og:url\" content=\"https:\/\/coachingbyjessica.de\/\" \/>\n<meta property=\"og:site_name\" content=\"Homepage\" \/>\n<meta property=\"article:modified_time\" content=\"2024-02-11T11:24:57+00:00\" \/>\n<meta name=\"twitter:card\" content=\"summary_large_image\" \/>\n<meta name=\"twitter:label1\" content=\"Gesch\u00e4tzte Lesezeit\" \/>\n\t<meta name=\"twitter:data1\" content=\"3 Minuten\" \/>\n<script type=\"application\/ld+json\" class=\"yoast-schema-graph\">{\"@context\":\"https:\/\/schema.org\",\"@graph\":[{\"@type\":\"WebPage\",\"@id\":\"https:\/\/coachingbyjessica.de\/\",\"url\":\"https:\/\/coachingbyjessica.de\/\",\"name\":\"Life Coaching f\u00fcr M\u00fctter\",\"isPartOf\":{\"@id\":\"https:\/\/coachingbyjessica.de\/#website\"},\"datePublished\":\"2016-12-03T15:08:37+00:00\",\"dateModified\":\"2024-02-11T11:24:57+00:00\",\"description\":\"Life-Coaching-f\u00fcr-M\u00fctter. Als berufst\u00e4tige Mutter von zwei Kindern und zertifizierter Coach vom DVNLP Verband besch\u00e4ftige ich mich schon ...\",\"breadcrumb\":{\"@id\":\"https:\/\/coachingbyjessica.de\/#breadcrumb\"},\"inLanguage\":\"de-DE\",\"potentialAction\":[{\"@type\":\"ReadAction\",\"target\":[\"https:\/\/coachingbyjessica.de\/\"]}]},{\"@type\":\"BreadcrumbList\",\"@id\":\"https:\/\/coachingbyjessica.de\/#breadcrumb\",\"itemListElement\":[{\"@type\":\"ListItem\",\"position\":1,\"name\":\"Startseite\",\"item\":\"https:\/\/coachingbyjessica.de\/\"},{\"@type\":\"ListItem\",\"position\":2,\"name\":\"Homepage\"}]},{\"@type\":\"WebSite\",\"@id\":\"https:\/\/coachingbyjessica.de\/#website\",\"url\":\"https:\/\/coachingbyjessica.de\/\",\"name\":\"Homepage\",\"description\":\"Eine andere WordPress-Site.\",\"potentialAction\":[{\"@type\":\"SearchAction\",\"target\":{\"@type\":\"EntryPoint\",\"urlTemplate\":\"https:\/\/coachingbyjessica.de\/?s={search_term_string}\"},\"query-input\":\"required name=search_term_string\"}],\"inLanguage\":\"de-DE\"}]}<\/script>\n<!-- \/ Yoast SEO plugin. -->","yoast_head_json":{"title":"Life Coaching f\u00fcr M\u00fctter","description":"Life-Coaching-f\u00fcr-M\u00fctter. Als berufst\u00e4tige Mutter von zwei Kindern und zertifizierter Coach vom DVNLP Verband besch\u00e4ftige ich mich schon ...","robots":{"index":"index","follow":"follow","max-snippet":"max-snippet:-1","max-image-preview":"max-image-preview:large","max-video-preview":"max-video-preview:-1"},"canonical":"https:\/\/coachingbyjessica.de\/","og_locale":"de_DE","og_type":"article","og_title":"Life Coaching f\u00fcr M\u00fctter","og_description":"Life-Coaching-f\u00fcr-M\u00fctter. Als berufst\u00e4tige Mutter von zwei Kindern und zertifizierter Coach vom DVNLP Verband besch\u00e4ftige ich mich schon ...","og_url":"https:\/\/coachingbyjessica.de\/","og_site_name":"Homepage","article_modified_time":"2024-02-11T11:24:57+00:00","twitter_card":"summary_large_image","twitter_misc":{"Gesch\u00e4tzte Lesezeit":"3 Minuten"},"schema":{"@context":"https:\/\/schema.org","@graph":[{"@type":"WebPage","@id":"https:\/\/coachingbyjessica.de\/","url":"https:\/\/coachingbyjessica.de\/","name":"Life Coaching f\u00fcr M\u00fctter","isPartOf":{"@id":"https:\/\/coachingbyjessica.de\/#website"},"datePublished":"2016-12-03T15:08:37+00:00","dateModified":"2024-02-11T11:24:57+00:00","description":"Life-Coaching-f\u00fcr-M\u00fctter. Als berufst\u00e4tige Mutter von zwei Kindern und zertifizierter Coach vom DVNLP Verband besch\u00e4ftige ich mich schon ...","breadcrumb":{"@id":"https:\/\/coachingbyjessica.de\/#breadcrumb"},"inLanguage":"de-DE","potentialAction":[{"@type":"ReadAction","target":["https:\/\/coachingbyjessica.de\/"]}]},{"@type":"BreadcrumbList","@id":"https:\/\/coachingbyjessica.de\/#breadcrumb","itemListElement":[{"@type":"ListItem","position":1,"name":"Startseite","item":"https:\/\/coachingbyjessica.de\/"},{"@type":"ListItem","position":2,"name":"Homepage"}]},{"@type":"WebSite","@id":"https:\/\/coachingbyjessica.de\/#website","url":"https:\/\/coachingbyjessica.de\/","name":"Homepage","description":"Eine andere WordPress-Site.","potentialAction":[{"@type":"SearchAction","target":{"@type":"EntryPoint","urlTemplate":"https:\/\/coachingbyjessica.de\/?s={search_term_string}"},"query-input":"required name=search_term_string"}],"inLanguage":"de-DE"}]}},"featured_media_urls":[],"_links":{"self":[{"href":"https:\/\/coachingbyjessica.de\/index.php?rest_route=\/wp\/v2\/pages\/5550"}],"collection":[{"href":"https:\/\/coachingbyjessica.de\/index.php?rest_route=\/wp\/v2\/pages"}],"about":[{"href":"https:\/\/coachingbyjessica.de\/index.php?rest_route=\/wp\/v2\/types\/page"}],"author":[{"embeddable":true,"href":"https:\/\/coachingbyjessica.de\/index.php?rest_route=\/wp\/v2\/users\/1"}],"replies":[{"embeddable":true,"href":"https:\/\/coachingbyjessica.de\/index.php?rest_route=%2Fwp%2Fv2%2Fcomments&post=5550"}],"version-history":[{"count":115,"href":"https:\/\/coachingbyjessica.de\/index.php?rest_route=\/wp\/v2\/pages\/5550\/revisions"}],"predecessor-version":[{"id":6983,"href":"https:\/\/coachingbyjessica.de\/index.php?rest_route=\/wp\/v2\/pages\/5550\/revisions\/6983"}],"wp:attachment":[{"href":"https:\/\/coachingbyjessica.de\/index.php?rest_route=%2Fwp%2Fv2%2Fmedia&parent=5550"}],"curies":[{"name":"wp","href":"https:\/\/api.w.org\/{rel}","templated":true}]}}